of 47548204.
2, 11, 79, 13679
What are the prime factors of 191200889?
11, 17381899
What are the prime factors of 3146726715?
3, 5, 11, 23, 829177
List the prime factors of 130114292.
2, 7, 11, 383, 1103
List the prime factors of 303084609.
3, 101028203
List the prime factors of 1991231.
11, 157, 1153
List the prime factors of 422566783.
19, 251, 88607
List the prime factors of 401899602.
2, 3, 13, 73, 70583
List the prime factors of 82485925.
5, 3299437
List the prime factors of 343541299.
19, 101, 179021
List the prime factors of 32335410.
2, 3, 5, 37, 29131
List the prime factors of 61121713.
5099, 11987
What are the prime factors of 13796146?
2, 7, 13, 17
List the prime factors of 4677511233.
3, 43, 36259777
List the prime factors of 106557335.
5, 21311467
What are the prime factors of 2827567510?
2, 5, 9007, 31393
List the prime factors of 762289313.
762289313
List the prime factors of 686092000.
2, 5, 11, 31, 503
What are the prime factors of 1830378778?
2, 23, 39790843
List the prime factors of 2474120019.
3, 7, 107, 709, 1553
List the prime factors of 854125055.
5, 7, 239, 102107
List the prime factors of 174089876.
2, 307, 141767
List the prime factors of 3814450625.
5, 6103121
What are the prime factors of 134404546?
2, 67, 1003019
What are the prime factors of 161167490?
2, 5, 11, 61, 24019
What are the prime factors of 3289655485?
5, 13399, 49103
List the prime factors of 3009184803.
3, 37, 701, 4297
What are the prime factors of 409066021?
7, 13, 67, 397
What are the prime factors of 81389167?
29, 31, 90533
What are the prime factors of 125256865?
5, 25051373
List the prime factors of 115074917.
115074917
What are the prime factors of 12934341?
3, 7, 205307
List the prime factors of 59359286.
2, 7, 605707
What are the prime factors of 175506738?
2, 3, 11, 263, 10111
List the prime factors of 109381583.
23, 37, 79, 1627
What are the prime factors of 93181808?
2, 617, 9439
What are the prime factors of 105141869?
7, 691, 21737
What are the prime factors of 1027843271?
7, 13, 11294981
List the prime factors of 59704955.
5, 97, 257, 479
What are the prime factors of 7240318432?
2, 226259951
What are the prime factors of 854187774?
2, 3, 11, 463, 27953
What are the prime factors of 1491559493?
353, 4225381
What are the prime factors of 590068778?
2, 13, 22694953
What are the prime factors of 1589726?
2, 373, 2131
What are the prime factors of 11536581?
3, 7, 317, 1733
What are the prime factors of 203924108?
2, 601, 84827
List the prime factors of 356886581.
367, 972443
What are the prime factors of 381356835?
3, 5, 17, 1495517
List the prime factors of 63696837.
3, 373, 56923
List the prime factors of 50376424.
2, 7, 73, 12323
List the prime factors of 10132006.
2, 23, 37, 5953
List the prime factors of 164565440.
2, 5, 13, 17, 179
List the prime factors of 259741058.
2, 19, 1103, 6197
What are the prime factors of 686069337?
3, 239, 956861
What are the prime factors of 26037918?
2, 3, 1446551
List the prime factors of 43263326.
2, 21631663
List the prime factors of 5202464415.
3, 5, 23, 15079607
What are the prime factors of 54001812?
2, 3, 191, 23561
List the prime factors of 95521265.
5, 7, 19, 379
List the prime factors of 3037778500.
2, 5, 6075557
What are the prime factors of 2703253503?
3, 23, 71, 197, 2801
List the prime factors of 40020409.
11, 13, 279863
List the prime factors of 82296644.
2, 20574161
List the prime factors of 123497664.
2, 3, 643217
What are the prime factors of 3177468?
2, 3, 7, 467
List the prime factors of 57075430.
2, 5, 19, 300397
List the prime factors of 41029102.
2, 23, 53, 16829
What are the prime factors of 192704247?
3, 2647, 8089
What are the prime factors of 5982491?
89, 67219
What are the prime factors of 4775053335?
3, 5, 13, 24487453
What are the prime factors of 67616648?
2, 11, 768371
List the prime factors of 1938788279.
41, 757, 62467
List the prime factors of 555133114.
2, 277566557
What are the prime factors of 887369349?
3, 17, 17399399
What are the prime factors of 45304731?
3, 257, 6529
What are the prime factors of 595055910?
2, 3, 5, 53, 263, 1423
What are the prime factors of 43385970?
2, 3, 5, 71, 20369
List the prime factors of 8382569930.
2, 5, 7, 269, 367, 1213
List the prime factors of 1110774530.
2, 5, 29, 53, 72269
What are the prime factors of 18959559?
3, 457, 13829
What are the prime factors of 110955124?
2, 7, 17, 257, 907
What are the prime factors of 136460902?
2, 53, 283, 4549
What are the prime factors of 2450121120?
2, 3, 5, 61, 27893
What are the prime factors of 169257370?
2, 5, 16925737
What are the prime factors of 4484686609?
13, 344975893
What are the prime factors of 1189247545?
5, 23, 449621
List the prime factors of 68047482.
2, 3, 11341247
List the prime factors of 340011098.
2, 7, 577, 859
What are the prime factors of 137549963?
4649, 29587
What are the prime factors of 897779776?
2, 14027809
What are the prime factors of 421360699?
37, 11388127
What are the prime factors of 277779125?
5, 13, 199, 859
What are the prime factors of 167047271?
317, 526963
What are the prime factors of 1324400039?
1324400039
List the prime factors of 1914689476.
2, 7, 59, 421, 2753
List the prime factors of 995926980.
2, 3, 5, 17, 137, 7127
List the prime factors of 57084370.
2, 5, 7, 815491
What are the prime factors of 372319579?
31, 12010309
What are the prime factors of 234894539?
11, 21354049
What are the prime factors of 2860105942?
2, 17, 31, 307, 8839
List the prime factors of 37047592.
2, 4630949
What are the prime factors of 5238849711?
3, 1746283237
List the prime factors of 3324965448.
2, 3, 7, 19791461
List the prime factors of 56371774.
2, 83, 339589
List the prime factors of 98480917.
23, 4281779
What are the prime factors of 121437556?
2, 30359389
List the prime factors of 10069738.
2, 7, 719267
What are the prime factors of 22276499?
7, 79, 40283
What are the prime factors of 102468745?
5, 29, 263, 2687
List the prime factors of 57272326.
2, 41, 103, 6781
What are the prime factors of 4219322703?
3, 853, 1648817
What are the prime factors of 1041512430?
2, 3, 5, 7, 4959583
What are the prime factors of 1006931760?
2, 3, 5, 17, 47, 59, 89
What are the prime factors of 154691168?
2, 103, 46933
List the prime factors of 2153510.
2, 5, 215351
What are the prime factors of 761115437?
43, 971, 18229
List the prime factors of 89748364.
2, 22437091
List the prime factors of 75581329.
1733, 43613
What are the prime factors of 22769830?
2, 5, 127, 17929
List the prime factors of 8279194.
2, 7, 11, 37, 1453
List the prime factors of 3015459123.
3, 577, 1742033
What are the prime factors of 56467804?
2, 14116951
List the prime factors of 73727201.
19, 479, 8101
What are the prime factors of 50204368?
2, 467, 6719
List the prime factors of 101776696.
2, 7, 337, 5393
List the prime factors of 216844026.
2, 3, 7, 67, 263, 293
What are the prime factors of 660968020?
2, 5, 23, 257, 5591
What are the prime factors of 1175362764?
2, 3, 1237, 79181
List the prime factors of 48147158.
2, 24073579
List the prime factors of 1563587076.
2, 3, 130298923
What are the prime factors of 41686625?
5, 333493
What are the prime factors of 63094111?
29, 2175659
List the prime factors of 722454053.
251, 2878303
List the prime factors of 3928720034.
2, 1964360017
What are the prime factors of 44269395?
3, 5, 31, 95203
List the prime factors of 1837267219.
353, 1571, 3313
List the prime factors of 10059210.
2, 3, 5, 7, 2281
List the prime factors of 437524913.
7, 19, 3289661
List the prime factors of 43331299.
11, 3939209
What are the prime factors of 548405331?
3, 182801777
List the prime factors of 554371856.
2, 34648241
List the prime factors of 10223714.
2, 307, 16651
What are the prime factors of 3767935074?
2, 3, 8521, 73699
List the prime factors of 292525994.
2, 163, 897319
What are the prime factors of 775035875?
5, 29, 47, 4549
List the prime factors of 131979550.
2, 5, 569, 4639
What are the prime factors of 864871757?
181, 1879, 2543
What are the prime factors of 6635036945?
5, 1873, 708493
List the prime factors of 865084930.
2, 5, 83, 1042271
List the prime factors of 88909981.
88909981
List the prime factors of 198446697.
3, 19, 67, 17321
List the prime factors of 37337